rue
Is 312282667 composite?
False
Is 1794770773 a prime number?
False
Is 4632170779 composite?
False
Is 1881662417 composite?
True
Is 747952193 prime?
False
Is 1768166273 composite?
True
Is 6717862721 composite?
False
Is 789046679 prime?
True
Is 127782599 a composite number?
True
Is 109933071601 composite?
True
Is 2670416543 a composite number?
False
Is 3019096423 a composite number?
True
Is 2204326594 a prime number?
False
Is 31301563 a prime number?
False
Is 4439315599 composite?
True
Is 24989719457 a composite number?
True
Is 641584537 a prime number?
False
Is 32170000147 a prime number?
True
Is 3019365233 prime?
True
Is 294066511 a composite number?
False
Is 82281071339 composite?
False
Is 95169073 a composite number?
False
Is 360463799 a composite number?
False
Is 18821283799 a composite number?
True
Is 394113901 a prime number?
False
Is 28058786849 a prime number?
True
Is 114294821 prime?
True
Is 79378182223 a prime number?
False
Is 4722133461 composite?
True
Is 133316263733 a composite number?
True
Is 17093291953 a prime number?
False
Is 245006093 composite?
False
Is 155415251 a composite number?
True
Is 18477023321 composite?
False
Is 633839831 a prime number?
False
Is 1629321653 prime?
False
Is 517859539 composite?
True
Is 28227496343 a prime number?
True
Is 15775192409 a composite number?
True
Is 497787853 prime?
True
Is 4795197109 a prime number?
True
Is 3912527623 prime?
False
Is 210551981 prime?
True
Is 20145306422 a composite number?
True
Is 8288520113 composite?
True
Is 338232857 a composite number?
False
Is 33855737239 prime?
True
Is 2524075513 a prime number?
False
Is 1059827891 a composite number?
True
Is 3496962323 a prime number?
False
Is 12964007047 a composite number?
True
Is 2658256771 composite?
True
Is 865202519 a composite number?
True
Is 1568400578 a prime number?
False
Is 2074480789 a composite number?
True
Is 924076141 a composite number?
False
Is 1207971651 a composite number?
True
Is 18769987529 a prime number?
True
Is 3069469177 a composite number?
False
Is 81647077623 a prime number?
False
Is 31754791 prime?
False
Is 696249923 a prime number?
False
Is 4935325321 a composite number?
False
Is 83619982 composite?
True
Is 18762804791 composite?
True
Is 12623646181 prime?
False
Is 309058667 prime?
True
Is 53710659331 prime?
False
Is 4637221739 prime?
False
Is 66422249563 prime?
False
Is 4507285777 composite?
True
Is 51565476503 composite?
False
Is 1587089639 a prime number?
True
Is 16078773661 a prime number?
True
Is 18707290795 prime?
False
Is 122201727686 composite?
True
Is 354727888063 composite?
False
Is 118636002373 a prime number?
False
Is 11735187917 composite?
True
Is 210609221 a composite number?
True
Is 34666562837 a composite number?
False
Is 9694333123 a composite number?
False
Is 222634829 a composite number?
False
Is 102756035 a composite number?
True
Is 425566871 prime?
False
Is 4771762823 a prime number?
False
Is 816105869 prime?
True
Is 19316078783 a composite number?
True
Is 88470056449 prime?
True
Is 199650226511 prime?
True
Is 1461195821 prime?
False
Is 1195047287 a composite number?
True
Is 298183631 composite?
True
Is 1985506013 a composite number?
True
Is 119017080961 composite?
False
Is 35665618837 prime?
True
Is 1176862121 prime?
False
Is 17907145831 composite?
True
Is 4903361297 composite?
False
Is 3006446207 a composite number?
True
Is 39338437657 prime?
True
Is 16336367327 a composite number?
True
Is 2766762377 a composite number?
False
Is 1141924547 prime?
True
Is 35795553751 composite?
True
Is 4251088043 prime?
True
Is 4372751153 prime?
True
Is 81241123 composite?
True
Is 657811433 prime?
False
Is 3477978421 a prime number?
True
Is 39192361627 composite?
False
Is 146329453987 prime?
True
Is 32089628377 a prime number?
True
Is 5480243711 composite?
True
Is 28724264419 a composite number?
False
Is 33984907267 a prime number?
True
Is 50680266319 prime?
True
Is 12175519667 prime?
False
Is 126181996189 composite?
False
Is 2329908095 prime?
False
Is 212347739 a prime number?
False
Is 46241795651 a prime number?
True
Is 110344833797 prime?
False
Is 6678013567 a composite number?
True
Is 3511233853 a prime number?
True
Is 383533189241 prime?
True
Is 287681122 prime?
False
Is 13373590121 composite?
True
Is 81771970483 prime?
False
Is 12826984559 a prime number?
False
Is 7488624323 prime?
False
Is 46763797957 a prime number?
False
Is 345770483 a prime number?
False
Is 129562617677 a composite number?
False
Is 848202871 a composite number?
True
Is 6485074307 a composite number?
False
Is 1113644053 a composite number?
False
Is 1586032477 composite?
False
Is 5927373763 a composite number?
True
Is 1718128733 prime?
True
Is 3175846237 a composite number?
False
Is 260797409 a composite number?
False
Is 37597944253 prime?
True
Is 23552056943 prime?
False
Is 374418451 a composite number?
True
Is 149150155747 composite?
False
Is 467134259 prime?
True
Is 2921277761 a prime number?
False
Is 5900737543 prime?
False
Is 55628740589 a prime number?
True
Is 202146179 composite?
False
Is 12423527 prime?
False
Is 4591022257 a composite number?
False
Is 7362198469 a prime number?
False
Is 6406204846 prime?
False
Is 20968153889 composite?
True
Is 31062163961 a composite number?
False
Is 4079637893 composite?
False
Is 52994807513 composite?
False
Is 81152417191 composite?
False
Is 2541989441 a prime number?
True
Is 301008779 a prime number?
False
Is 121479986 prime?
False
Is 53937208931 prime?
False
Is 22420046923 a prime number?
False
Is 970891703 a composite number?
False
Is 1827051511 composite?
False
Is 27546346123 a prime number?
False
Is 6366317693 a prime number?
False
Is 12416737 a composite number?
False
Is 3014265577 composite?
False
Is 778627849 prime?
False
Is 8125890511 composite?
False
Is 55647044413 a prime number?
False
Is 120410836061 a composite number?
False
Is 182193522077 a composite number?
True
Is 7250233093 a prime number?
False
Is 594104839 prime?
True
Is 96891371 a composite number?
True
Is 3309450223 a composite number?
True
Is 5438748995 composite?
True
Is 30740134003 a composite number?
True
Is 2012143547 composite?
False
Is 2936787701 prime?
True
Is 227760152623 prime?
True
Is 8937064613 prime?
True
Is 620847127 a prime number?
True
Is 21197495981 prime?
True
Is 1599741527 a prime number?
True
Is 80693168063 composite?
False
Is 530013749 a composite number?
False
Is 3922815451 a composite number?
True
Is 57173475221 prime?
False
Is 71598536179 a composite number?
False
Is 5494527851 composite?
False
Is 404859787 a prime number?
True
Is 23939924119 prime?
True
Is 18842533 a composite number?
True
Is 1779011951 prime?
True
Is 88018541 composite?
True
Is 7276444379 a composite number?
True
Is 1382452343 composite?
False
Is 44088333029 prime?
False
Is 41632460477 a composite number?
True
Is 764165993 a prime number?
False
Is 32131979045 a composite number?
True
Is 24684889 a prime number?
True
Is 29166614651 a prime number?
False
Is 1681423181 a composite number?
False
Is 1646302031 prime?
False
Is 1234241873 prime?
False
Is 510169223 a prime number?
False
Is 23582314193 a composite number?
True
Is 1079589871 composite?
False
Is 2035234417 a prime number?
True
Is 426662713 a composite number?
True
Is 84086742443 a prime number?
False
Is 4661236603 a composite number?
True
Is 32022213371 prime?
True
Is 21331397201 composite?
True
Is 1588447933 prime?
True
Is 569755454 prime?
False
Is 642678449 composite?
True
Is 5959880249 composite?
False
Is 2246211767 composite?
False
Is 11784422103 a composite number?
True
Is 28868853614 composite?
True
Is 48319693 prime?
True
Is 2348172041 composite?
True
Is 3300403373 a prime number?
False
Is 2102613047 composite?
True
Is 789649163 a prime number?
False
Is 17195754011 prime?
False
Is 166026911 a composite number?
True
Is 1211064837 prime?
False
Is 15319155893 a prime number?
True
Is 2489409893 composite?
False
Is 96594700409 prime?
False
Is 69759580601 a prime number?
True
Is 2408086991 a prime number?
True
Is 70961241341 prime?
False
Is 2445706255 composite?
True
Is 18930948415 a prime number?
False
Is 43928574743 composite?
False
Is 611713666991 a composite number?
True
Is 568043227 composite?
False
Is 1989273633 a prime number?
False
Is 218748816